lculate s(v).
4
Let q(x) = -5*x + 4. Let j(a) = 9*a - 7. Let n(g) = 3*j(g) + 5*q(g). Suppose -1 = -u - 5. Let k(s) = -s - 5. Let p be k(u). Give n(p).
-3
Suppose 6 = -5*u + a + 3*a, 8 = -2*u + 3*a. Let w(y) be the third derivative of 0*y**3 + 0*y - 1/12*y**4 + 8*y**2 + 0. Determine w(u).
-4
Let j(p) = -5*p - 3. Suppose -3*l + l = 4. What is j(l)?
7
Let s(a) = -3*a - 1. Let m(y) = -y**3 - 8*y**2 + 10*y + 13. Let l be m(-9). What is s(l)?
-13
Let w(y) be the third derivative of -y**5/60 + y**4/4 - 4*y**3/3 + 7*y**2. Give w(6).
-8
Let a be (0 + -1)/(-1) + 5. Let i(o) = o**3 - 5*o**2 - 6*o + 1. What is i(a)?
1
Let f(k) = -12*k**2 - k - 1. Suppose -4*g + 5*w = 19, -1 = -0*g + 4*g + w. Give f(g).
-12
Let c be (-2)/6*84/(-7). Let d(i) = -3*i + c + 3*i**2 - 1 - i. Calculate d(2).
7
Let s = -2 + -2. Let i(f) = -2*f. Let x(r) = -4*r + 1. Let g(y) = 7*i(y) - 3*x(y). Give g(s).
5
Let s(k) = k**2 + k. Let y(a) = a**3 + 3*a**2 - 2. Let u(p) = -2*s(p) + y(p). Suppose 13 = 5*d + 23. Determine u(d).
-2
Let b(u) = 6*u**2 - 2*u - 4. Let f(d) = d**2 - d. Let r(k) = -b(k) + 5*f(k). What is r(-3)?
4
Let f(l) = l**3 + 6*l**2 + 4*l - 1. Suppose -4*m + 23 = b, -2*m + b + 4 = -15. Let p = -12 + m. What is f(p)?
4
Suppose 0 = -2*s + 15 + 3. Suppose 5*o - 4 = -s. Let v(z) be the third derivative of -z**6/60 - z**4/24 - z**3/6 - z**2. Calculate v(o).
2
Let d(s) = 4. Let n = -7 - -9. Let z(t) = -t - 8. Let y(h) = n*z(h) + 5*d(h). Calculate y(4).
-4
Suppose -5 + 1 = 4*x. Let l(r) be the second derivative of -1/4*r**4 + 1/3*r**3 + 3*r + 1/2*r**2 + 0. Give l(x).
-4
Let t(s) = s**2 + 18*s - 14. Let d be t(-19). Let w(x) = -x - 1. Determine w(d).
-6
Let h(y) = -3*y - 7*y**3 - 2*y**3 + 5*y**3 + 2 - 6*y**2 + 3*y**3. Calculate h(-4).
-18
Suppose -2*q - 2*q = -12. Suppose c - 2 = q*c. Let m(o) = -5*o**3 - o**2 + 1. Determine m(c).
5
Let t(g) be the second derivative of -g**4/12 + g**3/2 - 7*g**2/2 + 6*g. Let u(h) = h**2 - 2*h + 6. Let w(b) = -4*t(b) - 5*u(b). Determine w(-2).
-2
Let u(l) = 56*l**2 - 53*l**2 - 2*l**3 + 3*l**3 + l. Suppose 0*v = -5*v - 10. Let b be (v - -5)*(-3 + 2). Give u(b).
-3
Let k be (1/(-3))/(2/(-6)). Suppose 0*n + n - 5*b - 14 = 0, 2*n - 1 = b. Let v be 1*(k + -1 - n). Let y(a) = 4*a**2 - 1. Give y(v).
3
Suppose -4 = -2*s, 0*s = -5*b - s + 22. Suppose 3*d = 3*p, 2*p = 4*d + b*p - 18. Let o(z) = 5*z - d*z - 3*z + 0*z - 4. Give o(-5).
1
Let m(r) be the first derivative of -r**2/2 + 3*r + 10. Determine m(3).
0
Let r be 2/(-2)*0 + 0. Let j be 0/6 + (r - 1). Let f(d) = 10*d**3 - d**2 - 2*d - 1. Calculate f(j).
-10
Let i be -1 + 2 + -1*4. Let y be -1 + 2/i*-3. Let z(w) be the second derivative of w**5/4 - w**2/2 + 2*w. What is z(y)?
4
Let w(q) = q. Let o(r) = -5*r - 3. Let t(p) = -5*p - 4. Let d(h) = 6*o(h) - 5*t(h). Let b(v) = d(v) + 4*w(v). Let y = -1 - -4. Determine b(y).
-1
Let d(u) = -5*u - 4. Let t(r) = -6*r - 5. Let q(i) = -4*d(i) + 3*t(i). Let y(g) = -g**3 - g**2 + 6*g - 5. Let c be y(-3). What is q(c)?
-9
Let u(m) be the first derivative of m**2 + 1. Let i be u(2). Let s(q) = q + 7 - i + 1. Determine s(-3).
1
Let l(m) = -4*m**2 + 8*m + 2. Let g(n) = 5*n**2 - 6*n - 6. Let w(j) = 10*j**2 - 13*j - 11. Let f(b) = 5*g(b) - 3*w(b). Let i(c) = 5*f(c) - 6*l(c). Give i(2).
-7
Let l(s) be the first derivative of -s**3/3 + 5*s - 4. What is l(0)?
5
Let q(b) = b**3 + 16*b**2 - b - 21. Let x be q(-16). Let m(z) = z**3 + 5*z**2 - 3*z. What is m(x)?
15
Suppose -4 = 4*z - 0*z. Let l = z - -1. Let c(j) be the third derivative of -j**5/60 - j**4/24 - 7*j**3/6 + 2*j**2. Calculate c(l).
-7
Suppose -6*r + 48 = -14*r. Let a(o) = -o**2 - 4*o + 3. Let h be a(-4). Let f(w) = 0 + w**2 + h*w + 2*w - 8. Give f(r).
-2
Let n(j) be the second derivative of -j**4/12 - j**3/2 + 3*j**2/2 - 10*j. Let m be n(-4). Let i(u) = 8*u. Calculate i(m).
-8
Suppose 2*x = -0*x - 318. Let i be 2/8 + x/(-4). Suppose -2*l - 30 = -4*o, -l + 3*o - i = 4*l. Let g(q) = q + 5. Determine g(l).
0
Suppose 0 = 4*w - 3*f, 5*f - f = -4*w. Suppose p - 4*o + 10 = w, -3*o - 5 = -4*p - 2*o. Let j(n) = -2*n**p - 3 - 1 - n**3 + 0*n**3 + 3*n. Determine j(-3).
-4
Suppose -v - 10 = 3*t, -3*t - 5*v = -0*t + 2. Let n = t - -7. Let j(z) = n - 3*z + 2*z - 2. Give j(2).
-1
Let h(k) = -2*k + 10. Let u be h(-10). Let j(n) = u*n**3 - 14*n**3 + 5*n**2 - 4 - 15*n**3 + n. Suppose 11 = -4*p - 1. Calculate j(p).
11
Let a be 1 + 1*1/1. Let r(y) = -y**2 - 2*y + 3. Give r(a).
-5
Let o be 124/8 - (-2)/4. Suppose -2*u = v + u + 16, 4*v = 4*u + o. Let r be -1 - (4 + (v - -1)). Let h(p) = -p**2 - 7*p - 3. Calculate h(r).
7
Let s(y) = 1 + 6*y + y - y. Let h(x) = 6 - 2*x - 6 + 3*x. Let b(a) = -5*h(a) + s(a). Give b(2).
3
Let b(w) = 3*w + 2 - 2*w - 10 - 3. Determine b(6).
-5
Let j(n) = -40*n + 41*n + 1 + 0 - 3. Give j(0).
-2
Let h be -2 + 2 - (0 + -1). Let j = -1 - h. Let a(s) = 4*s - 1. Give a(j).
-9
Let x(n) = 2*n**2 + 9*n + 3. Let l(k) = -k**2 - 4*k - 2. Let f(g) = 5*l(g) + 2*x(g). Calculate f(-3).
-7
Let j(p) be the second derivative of -p**5/20 + 5*p**4/12 - p**3/6 - 16*p. Give j(4).
12
Let b(y) = -2*y**2 + 7*y + 4*y**2 - 3*y**2. Calculate b(7).
0
Let u(r) = -r**2 + 3*r + 7. Suppose -h - 192 = -5*h. Let v = -23 + h. Suppose -4*o - 15 = -3*y, 5 = -4*y - 3*o + v. Give u(y).
-3
Let n(t) = 21 - 36 - t + t**2 + 29 - t**3. Determine n(0).
14
Let n(p) = -p**3 + 5*p**2 + 7*p - 9. Let g be n(6). Let o(r) = r**2 + 4*r + 1. Determine o(g).
-2
Suppose 4 = -2*k - 3*f + 100, 0 = 3*k - 4*f - 127. Suppose 5*r + t - 6*t = -k, -3*r + 5*t = 35. Let l = r - -2. Let o(x) = x**2 + 3*x - 2. Determine o(l).
-2
Let t(r) be the first derivative of -r - r**2 + 37 + 0*r**2 - 29. Determine t(-2).
3
Let h(r) = 6*r**2 - r - 1. Suppose -2*m = -0*m - 16. Let d = 7 - m. Give h(d).
6
Suppose -3*o - n - 48 = 0, 5*o + 80 = o + 4*n. Let s = -12 - o. Let c(m) = 6*m - m - 7 - 2*m. Calculate c(s).
8
Suppose 0 = -5*p + 3*l - 40, 2*l - 30 = 3*p + p. Let n(u) be the third derivative of 2*u**2 + 0 + 1/24*u**4 + 0*u + 2*u**3. What is n(p)?
7
Let r(i) = 0*i**2 + 2*i - i**3 - i**2 - 4*i**3 + 4*i**3 + 1. Calculate r(-2).
1
Suppose 0 = 3*t + 2*u - 12 + 1, -3*u = -3*t + 21. Let r(g) be the third derivative of 1/60*g**5 - 1/6*g**3 - 1/4*g**4 + 0*g - 3*g**2 + 0. Determine r(t).
-6
Suppose -5*y + d - 35 = 0, -4*y + 4*d - 50 = y. Let w(g) = -3*g - 8. Give w(y).
10
Let w(y) = 3*y - 1. Let c(q) = -q. Let r(p) = 6*c(p) + w(p). What is r(-1)?
2
Let z(i) = 3*i**3 - 5*i**2 + 3*i - 6. Let l(r) = 7*r**3 - 10*r**2 + 7*r - 12. Let g(n) = 4*l(n) - 9*z(n). Calculate g(-5).
1
Let m(x) be the first derivative of x**4/4 + 5*x**3/3 - 3*x**2 + 2*x - 13. Let b = -18 + 12. Determine m(b).
2
Let g(c) = -c**2 + 5*c + 6. Suppose -42 + 2 = -8*k. Determine g(k).
6
Let l(y) = -y - 7. Let x be (-22)/(-4) - 3/(-6). Determine l(x).
-13
Let s(n) be the first derivative of 1/4*n**4 - 2 - 5/3*n**3 - 2*n + 1/2*n**2. Calculate s(5).
3
Let k(j) = j + 4. Let c(z) = z + 3. Let b(w) = 3*c(w) - 2*k(w). Let t(l) = l**2 + 3*l + 3. Let g(y) = 3*b(y) - t(y). What is g(-1)?
-1
Suppose 2*h - 4 = -4*i, 3 + 1 = i + 2*h. Let g = 1 + i. Let k(j) be the third derivative of j**6/24 - j**5/60 + j**4/12 - j**3/6 + 5*j**2. Give k(g).
5
Let i(x) = x**2 + 4*x - 1. Let w be i(-6). Let m = -15 + w. Let f(r) = r**2 + 6*r + 3. Determine f(m).
-5
Let a(d) be the first derivative of -d**4/4 + 5*d**3/3 + 7*d**2/2 - 5*d - 15. What is a(6)?
1
Let l(p) be the third derivative of -p**5/60 + p**4/8 + p**3/2 + 8*p**2. Calculate l(3).
3
Suppose -2*v = -3*b - 0*v + 21, -28 = -5*b + v. Let g(q) = -1. Let s(u) = u**2 - 7*u + 5. Let n(o) = 4*g(o) + s(o). Give n(b).
-9
Let y(b) = 2 + 4*b**3 - b**2 - 3*b**3 - 2*b**3 - 2*b**2 + 4*b. Calculate y(-4).
2
Let i(r) = -r**2 - 10*r + 3. Let t be i(-10). Let c(p) = 2 - 4 - p**3 + 0*p**2 + t*p**2 - 2*p. Calculate c(2).
-2
Suppose 5*j - 33 = -2*z, -4*z + 31 = j + 2*j. Let x(g) = z*g**2 + 4 - 5*g**2 + 0*g**2. Determine x(-3).
-5
Suppose -2*x + 4 + 2 = 0, 0 = -4*b - x + 47. Let i(w) = -2*w + 4. Let a be i(6). Let z = a + b. Let r(o) = 2*o + 3. Give r(z).
9
Let h(n) = -2*n**3 - 2*n**2 + 2*n - 1. Let l be h(1). Let p(g) = 4*g - 3. Let m(o) = o - 1. Let i(c) = 3*m(c) - p(c). Calculate i(l).
3
Let g(y) be the first derivative of -1/2*y**2 - 3/20*y**5 + 0*y**4 + 3 - 1/6*y**3 + 3*y. Let n(j) be the first derivative of g(j). Calculate 